{"id":36,"date":"2015-01-20T16:35:38","date_gmt":"2015-01-20T16:35:38","guid":{"rendered":"http:\/\/www.edeidadeslugo.org\/?page_id=36"},"modified":"2019-07-02T10:39:46","modified_gmt":"2019-07-02T10:39:46","slug":"enlaces-de-interese","status":"publish","type":"page","link":"https:\/\/www.edeidadeslugo.org\/?page_id=36","title":{"rendered":"Enlaces de interese"},"content":{"rendered":"<div id=\"su_slider_6a084e507003d\" class=\"su-slider su-slider-centered su-slider-pages-no su-slider-responsive-no\" style=\"width:960px;height:100px\" data-autoplay=\"8000\" data-speed=\"2500\" data-mousewheel=\"false\"><div class=\"su-slider-slides\"><div class=\"su-slider-slide\"><a><img src=\"https:\/\/www.edeidadeslugo.org\/wp-content\/uploads\/2015\/01\/mini-banner-10-960x100.png\" alt=\"mini-banner-10\" \/><\/a><\/div><div class=\"su-slider-slide\"><a><img src=\"https:\/\/www.edeidadeslugo.org\/wp-content\/uploads\/2015\/01\/mini-banner-07-960x100.png\" alt=\"mini-banner-07\" \/><\/a><\/div><div class=\"su-slider-slide\"><a><img src=\"https:\/\/www.edeidadeslugo.org\/wp-content\/uploads\/2015\/01\/mini-banner-06-2-960x100.png\" alt=\"mini-banner-06-2\" \/><\/a><\/div><div class=\"su-slider-slide\"><a><img src=\"https:\/\/www.edeidadeslugo.org\/wp-content\/uploads\/2015\/01\/mini-banner-06-1-960x100.png\" alt=\"mini-banner-06-1\" \/><\/a><\/div><div class=\"su-slider-slide\"><a><img src=\"https:\/\/www.edeidadeslugo.org\/wp-content\/uploads\/2015\/01\/mini-banner-03-960x100.png\" alt=\"mini-banner-03\" \/><\/a><\/div><div class=\"su-slider-slide\"><a><img src=\"https:\/\/www.edeidadeslugo.org\/wp-content\/uploads\/2015\/01\/mini-banner-05-960x100.png\" alt=\"mini-banner-05\" \/><\/a><\/div><div class=\"su-slider-slide\"><a><img src=\"https:\/\/www.edeidadeslugo.org\/wp-content\/uploads\/2015\/01\/mini-banner-02-960x100.png\" alt=\"mini-banner-02\" \/><\/a><\/div><div class=\"su-slider-slide\"><a><img src=\"https:\/\/www.edeidadeslugo.org\/wp-content\/uploads\/2015\/01\/mini-banner-01-960x100.png\" alt=\"mini-banner-01\" \/><\/a><\/div><div class=\"su-slider-slide\"><a><img src=\"https:\/\/www.edeidadeslugo.org\/wp-content\/uploads\/2015\/01\/edeidadeslugo-cinta2-960x100.png\" alt=\"edeidadeslugo-cinta2\" \/><\/a><\/div><div class=\"su-slider-slide\"><a><img src=\"https:\/\/www.edeidadeslugo.org\/wp-content\/uploads\/2015\/01\/edeidadeslugo-cinta-960x100.png\" alt=\"edeidadeslugo-cinta\" \/><\/a><\/div><\/div><div class=\"su-slider-nav\"><div class=\"su-slider-pagination\"><\/div><\/div><\/div>\n<div class=\"su-row\">\n<div class=\"su-column su-column-size-1-3\"><div class=\"su-column-inner su-u-clearfix su-u-trim\">\n<h2>Enlaces de interese<\/h2>\n<p>Estes enlaces poden interesarche.<\/p>\n<div id=\"su_slider_6a084e507058c\" class=\"su-slider su-slider-centered su-slider-pages-no su-slider-responsive-yes\" style=\"width:100%\" data-autoplay=\"8000\" data-speed=\"900\" data-mousewheel=\"false\"><div class=\"su-slider-slides\"><div class=\"su-slider-slide\"><a><img src=\"https:\/\/www.edeidadeslugo.org\/wp-content\/uploads\/2015\/01\/banner-telefono-da-muller-320x200.png\" alt=\"banner-telefono-da-muller\" \/><\/a><\/div><div class=\"su-slider-slide\"><a><img src=\"https:\/\/www.edeidadeslugo.org\/wp-content\/uploads\/2015\/01\/banner-telefono-016-320x200.png\" alt=\"banner-telefono-016\" \/><\/a><\/div><\/div><div class=\"su-slider-nav\"><div class=\"su-slider-pagination\"><\/div><\/div><\/div>\n<\/div><\/div>\n<div class=\"su-column su-column-size-2-3\"><div class=\"su-column-inner su-u-clearfix su-u-trim\">\n<h3>Mira tam\u00e9n<\/h3>\n<p><strong>Tel\u00e9fono da Muller \u00b7\u00a0 900 400 273<\/strong><\/p>\n<p>O Tel\u00e9fono da Muller \u00e9 un servizo gratu\u00edto e an\u00f3nimo que funciona as 24 horas do d\u00eda, desde calquera tel\u00e9fono fixo ou m\u00f3bil, e con cobertura para toda a Comunidade Aut\u00f3noma de Galicia. Responde nel un equipo multidisciplinar coordinado cos diferentes profesionais de toda Galicia.<\/p>\n<p><strong>Ministerio de Sanidad, Servicios Sociales e Igualdad<\/strong> \u00b7 <a title=\"Ministerio de Sanidad, Servicios Sociales e Igualdad\" href=\"http:\/\/www.msssi.gob.es\" target=\"_blank\">www.msssi.gob.es<\/a><\/p>\n<p><strong>Instituto de la Mujer<\/strong> \u00b7 <a title=\"Instituto de la Mujer\" href=\"http:\/\/www.inmujer.gob.es\" target=\"_blank\">www.inmujer.gob.es<\/a><\/p>\n<p><strong>Instituto Europeo para la Igualdad de G\u00e9nero<\/strong> \u00b7 <a title=\"Instituto Europeo para la Igualdad de G\u00e9nero\" href=\"http:\/\/eige.europa.eu\" target=\"_blank\">eige.europa.eu<\/a><\/p>\n<p><strong>Centro Interdisciplinario de Investigaci\u00f3ns Feministas e de Estudos de X\u00e9nero (CIFEX)<\/strong> \u00b7 <a title=\"Centro Interdisciplinario de Investigaci\u00f3ns Feministas e de Estudos de X\u00e9nero (CIFEX)\" href=\"http:\/\/www.usc.es\/gl\/institutos\/cifex\" target=\"_blank\">www.usc.es\/gl\/institutos\/cifex<\/a><\/p>\n<p><strong>Comisi\u00f3n para a investigaci\u00f3n de malos tratos<\/strong> \u00b7 <a title=\"Comisi\u00f3n para a investigaci\u00f3n de malos tratos\" href=\"http:\/\/www.malostratos.org\" target=\"_blank\">www.malostratos.org<\/a><\/p>\n<h4><a title=\"Contacto\" href=\"https:\/\/www.edeidadeslugo.org\/?page_id=38\">Contacta connosco &gt;<\/a><\/h4>\n<\/div><\/div>\n<\/div>\n","protected":false},"excerpt":{"rendered":"","protected":false},"author":1,"featured_media":0,"parent":0,"menu_order":0,"comment_status":"closed","ping_status":"open","template":"","meta":[],"_links":{"self":[{"href":"https:\/\/www.edeidadeslugo.org\/index.php?rest_route=\/wp\/v2\/pages\/36"}],"collection":[{"href":"https:\/\/www.edeidadeslugo.org\/index.php?rest_route=\/wp\/v2\/pages"}],"about":[{"href":"https:\/\/www.edeidadeslugo.org\/index.php?rest_route=\/wp\/v2\/types\/page"}],"author":[{"embeddable":true,"href":"https:\/\/www.edeidadeslugo.org\/index.php?rest_route=\/wp\/v2\/users\/1"}],"replies":[{"embeddable":true,"href":"https:\/\/www.edeidadeslugo.org\/index.php?rest_route=%2Fwp%2Fv2%2Fcomments&post=36"}],"version-history":[{"count":18,"href":"https:\/\/www.edeidadeslugo.org\/index.php?rest_route=\/wp\/v2\/pages\/36\/revisions"}],"predecessor-version":[{"id":3048,"href":"https:\/\/www.edeidadeslugo.org\/index.php?rest_route=\/wp\/v2\/pages\/36\/revisions\/3048"}],"wp:attachment":[{"href":"https:\/\/www.edeidadeslugo.org\/index.php?rest_route=%2Fwp%2Fv2%2Fmedia&parent=36"}],"curies":[{"name":"wp","href":"https:\/\/api.w.org\/{rel}","templated":true}]}}